{"id":33,"date":"2019-08-07T11:56:23","date_gmt":"2019-08-07T09:56:23","guid":{"rendered":"http:\/\/ale-tournai.be\/?page_id=33"},"modified":"2026-03-11T14:04:03","modified_gmt":"2026-03-11T13:04:03","slug":"aleizee-garderie-denfants-malades","status":"publish","type":"page","link":"https:\/\/esc-ale.be\/index.php\/aleizee-garderie-denfants-malades\/","title":{"rendered":"Ale\u2019iz\u00e9e \u2013 Garderie d\u2019enfants malades"},"content":{"rendered":"\t\t<div data-elementor-type=\"wp-page\" data-elementor-id=\"33\" class=\"elementor elementor-33\">\n\t\t\t\t<div class=\"elementor-element elementor-element-61cf94f e-flex e-con-boxed e-con e-parent\" data-id=\"61cf94f\" data-element_type=\"container\">\n\t\t\t\t\t<div class=\"e-con-inner\">\n\t\t\t\t<div class=\"elementor-element elementor-element-80b5c5e elementor-widget elementor-widget-heading\" data-id=\"80b5c5e\" data-element_type=\"widget\" data-widget_type=\"heading.default\">\n\t\t\t\t<div class=\"elementor-widget-container\">\n\t\t\t\t\t<h2 class=\"elementor-heading-title elementor-size-default\">Votre enfant est malade... vous n'avez pas de solution de garde?<\/h2>\t\t\t\t<\/div>\n\t\t\t\t<\/div>\n\t\t\t\t\t<\/div>\n\t\t\t\t<\/div>\n\t\t<div class=\"elementor-element elementor-element-ced7cba e-flex e-con-boxed e-con e-parent\" data-id=\"ced7cba\" data-element_type=\"container\">\n\t\t\t\t\t<div class=\"e-con-inner\">\n\t\t<div class=\"elementor-element elementor-element-ddf11ba e-con-full e-flex e-con e-child\" data-id=\"ddf11ba\" data-element_type=\"container\">\n\t\t\t\t<div class=\"elementor-element elementor-element-fd1485f elementor-widget elementor-widget-image\" data-id=\"fd1485f\" data-element_type=\"widget\" data-widget_type=\"image.default\">\n\t\t\t\t<div class=\"elementor-widget-container\">\n\t\t\t\t\t\t\t\t\t\t\t\t\t\t\t<img fetchpriority=\"high\" decoding=\"async\" width=\"800\" height=\"640\" src=\"https:\/\/esc-ale.be\/wp-content\/uploads\/2019\/08\/aleizee-garderie-1024x819.jpg\" class=\"attachment-large size-large wp-image-899\" alt=\"\" \/>\t\t\t\t\t\t\t\t\t\t\t\t\t\t\t<\/div>\n\t\t\t\t<\/div>\n\t\t\t\t<\/div>\n\t\t<div class=\"elementor-element elementor-element-e3b686f e-con-full e-flex e-con e-child\" data-id=\"e3b686f\" data-element_type=\"container\">\n\t\t\t\t<div class=\"elementor-element elementor-element-f2464d6 elementor-widget elementor-widget-text-editor\" data-id=\"f2464d6\" data-element_type=\"widget\" data-widget_type=\"text-editor.default\">\n\t\t\t\t<div class=\"elementor-widget-container\">\n\t\t\t\t\t\t\t\t\t<h2>Ale\u2019iz\u00e9e<\/h2>\n<p>Gr\u00e2ce au partenariat entre l&rsquo;ALE, Vit&rsquo;Ale manne, l&rsquo;IMSTAM, le CPAS et la Ville de Tournai, vous pouvez confier votre enfant \u00e0 la garderie d\u2019enfants malades situ\u00e9e dans le centre de Tournai.<\/p>\n<p>Chaque partenaire met ses comp\u00e9tences, ses moyens mat\u00e9riels et humains \u00e0 disposition de cette structure, qui facilitera, nous n\u2019en doutons pas, votre quotidien.<\/p>\n<div id=\"ConnectiveDocSignExtentionInstalled\" data-extension-version=\"1.0.4\">\u00a0<\/div>\t\t\t\t\t\t\t\t<\/div>\n\t\t\t\t<\/div>\n\t\t\t\t<\/div>\n\t\t\t\t\t<\/div>\n\t\t\t\t<\/div>\n\t\t<div class=\"elementor-element elementor-element-c0bdea6 e-flex e-con-boxed e-con e-parent\" data-id=\"c0bdea6\" data-element_type=\"container\">\n\t\t\t\t\t<div class=\"e-con-inner\">\n\t\t\t\t<div class=\"elementor-element elementor-element-6d81d86 elementor-widget elementor-widget-text-editor\" data-id=\"6d81d86\" data-element_type=\"widget\" data-widget_type=\"text-editor.default\">\n\t\t\t\t<div class=\"elementor-widget-container\">\n\t\t\t\t\t\t\t\t\t<h4>Pour qui, comment&nbsp;?<\/h4>\n<p><!-- \/wp:heading --><!-- wp:list --><\/p>\n<ul>\n<li>Ale\u2019Iz\u00e9e a ouvert ses portes le lundi 10 janvier 2011, rue des Foss\u00e9s 16\/1 \u00e0 7500 Tournai (<em>suivre le fl\u00e9chage&nbsp;Ale\u2019Iz\u00e9e \u00e0 partir du Pont de Fer<\/em>).<\/li>\n<li>Elle peut accueillir jusque 10 enfants de la premi\u00e8re maternelle \u00e0 la sixi\u00e8me primaire, de 7 h \u00e0 19 h, uniquement durant les jours d\u2019\u00e9cole d\u00e9finis par le calendrier scolaire de la communaut\u00e9 fran\u00e7aise et pendant les cong\u00e9s de Toussaint et de Carnaval.<\/li>\n<li>Seuls les enfants de personnes exer\u00e7ant une activit\u00e9 professionnelle&nbsp;ou en parcours d\u2019 insertion sont admissibles (<em>sur pr\u00e9sentation d\u2019un contrat de travail&nbsp;ou d\u2019une attestation sur l\u2019honneur\u2026<\/em>). Ils doivent, en outre, \u00eatre scolaris\u00e9s , habiter l\u2019entit\u00e9 de Tournai ou avoir des parents travaillant \u00e0 Tournai.<\/li>\n<li>Chaque place doit \u00eatre r\u00e9serv\u00e9e pr\u00e9alablement par t\u00e9l\u00e9phone au num\u00e9ro <strong>069 55 66 04<\/strong> ou <strong>0479 66 24 00 <\/strong>entre 7 h \u00e0 20 h du lundi au vendredi.<\/li>\n<li>Les enfants doivent \u00eatre munis&nbsp; d\u2019un certificat m\u00e9dical de leur p\u00e9diatre ou m\u00e9decin traitant attestant qu\u2019ils peuvent fr\u00e9quenter un milieu d\u2019accueil collectif. Si l\u2019enfant ne peut \u00eatre vu avant l\u2019entr\u00e9e \u00e0 la garderie, le m\u00e9decin traitant ou le p\u00e9diatre peut faire la visite \u00e0 l\u2019Ale\u2019iz\u00e9e au plus tard le jour de l\u2019admission. Sans certificat pr\u00e9alable, l\u2019infirmi\u00e8re peut refuser l\u2019admission en fonction de la description des sympt\u00f4mes (exemple: fi\u00e8vre de plus de 39\u00b0 et pas de m\u00e9dicaments). Les parents doivent \u00e9galement fournir les m\u00e9dicaments et leur posologie pour la journ\u00e9e. Veuillez utiliser \u00e0 cet effet les documents&nbsp;ci-joints: <a href=\"http:\/\/ale-tournai.be\/wp-content\/uploads\/2018\/08\/CERTIFICAT-MEDICAL-IMSTAM.pdf\">Certificat<\/a> , <a href=\"http:\/\/ale-tournai.be\/wp-content\/uploads\/2018\/08\/Fiche-inscription-d\u00e9claration-sur-lhonneur.pdf\">Documents d\u2019inscription<\/a> et <a href=\"http:\/\/ale-tournai.be\/wp-content\/uploads\/2023\/01\/ROI-en-ligne-2022.pdf\">R\u00e8glement d\u2019ordre int\u00e9rieur<\/a> ou <a href=\"http:\/\/ale-tournai.be\/wp-content\/uploads\/2023\/01\/ROI-partenaires-en-ligne-2022.pdf\">R\u00e8glement d\u2019ordre int\u00e9rieur pour les Partenaires.<\/a><\/li>\n<li>\n<p>Aussi, pour pouvoir fr\u00e9quenter l\u2019Ale\u2019Iz\u00e9e, tout enfant malade devra au pr\u00e9alable fournir le certificat ci-apr\u00e8s d\u00fbment compl\u00e9t\u00e9 par un m\u00e9decin: <a href=\"http:\/\/ale-tournai.be\/wp-content\/uploads\/2020\/10\/CERTIFICAT-MEDICAL-IMSTAM.docx\">CERTIFICAT MEDICAL IMSTAM<\/a>.<\/p>\n<\/li>\n<\/ul>\n<p><!-- \/wp:list --><!-- wp:heading {\"level\":4} --><\/p>\n<h4>Quel est le co\u00fbt ?<\/h4>\n<p><!-- \/wp:heading --><!-- wp:tadv\/classic-paragraph --><\/p>\n<ul>\n<li>Le co\u00fbt de la garderie est factur\u00e9 hebdomadairement (tarif pr\u00e9f\u00e9rentiel pour les partenaires):\n<ul>\n<li><span style=\"color: var( --e-global-color-text ); font-family: var( --e-global-typography-text-font-family ), Sans-serif; font-weight: var( --e-global-typography-text-font-weight ); text-align: var(--text-align); font-size: 0.875rem;\">15 \u20ac par journ\u00e9e compl\u00e8te (sans repas ni boissons) ;<\/span><\/li>\n<li><span style=\"color: var( --e-global-color-text ); font-family: var( --e-global-typography-text-font-family ), Sans-serif; font-weight: var( --e-global-typography-text-font-weight ); text-align: var(--text-align); font-size: 0.875rem;\">10 \u20ac par demi-journ\u00e9e (sans petit-d\u00e9jeuner ni boissons) ;<\/span><\/li>\n<li>Pour les personnes en parcours d\u2019insertion, le FOREM prend en charge 4 \u20ac sur le prix total de la journ\u00e9e.<\/li>\n<li>Prix d\u00e9gressif \u00e0 partir de deux enfants d&rsquo;une m\u00eame fratrie.<\/li>\n<\/ul>\n<\/li>\n<li>Les enfants sont accueillis le matin par une infirmi\u00e8re pour une plus grande s\u00e9curit\u00e9. Un m\u00e9decin attitr\u00e9 pourra \u00eatre \u00e9galement sollicit\u00e9 par Ale\u2019Iz\u00e9e, en cas d\u2019aggravation de l\u2019\u00e9tat de l\u2019enfant.<\/li>\n<\/ul>\n<div id=\"ConnectiveDocSignExtentionInstalled\" data-extension-version=\"1.0.4\">&nbsp;<\/div>\t\t\t\t\t\t\t\t<\/div>\n\t\t\t\t<\/div>\n\t\t\t\t\t<\/div>\n\t\t\t\t<\/div>\n\t\t\t\t<\/div>\n\t\t","protected":false},"excerpt":{"rendered":"<p>Votre enfant est malade&#8230; vous n&rsquo;avez pas de solution de garde? Ale\u2019iz\u00e9e Gr\u00e2ce au partenariat entre l&rsquo;ALE, Vit&rsquo;Ale manne, l&rsquo;IMSTAM, le CPAS et la Ville de Tournai, vous pouvez confier &#8230;<\/p>\n","protected":false},"author":1,"featured_media":0,"parent":0,"menu_order":0,"comment_status":"closed","ping_status":"closed","template":"elementor_header_footer","meta":{"footnotes":""},"class_list":["post-33","page","type-page","status-publish","hentry"],"yoast_head":"<!-- This site is optimized with the Yoast SEO plugin v27.3 - https:\/\/yoast.com\/product\/yoast-seo-wordpress\/ -->\n<title>Ale\u2019iz\u00e9e \u2013 Garderie d\u2019enfants malades - Esc&#039;ALE ASBL - ALE de Tournai-Pecq<\/title>\n<meta name=\"description\" content=\"L\u2019ALE de Tournai, l\u2019IMSTAM, le CPAS de Tournai et Vit\u2019Ale manne ont d\u00e9cid\u00e9 de s\u2019unir pour ouvrir une garderie pour enfants malades sur Tournai\" \/>\n<meta name=\"robots\" content=\"index, follow, max-snippet:-1, max-image-preview:large, max-video-preview:-1\" \/>\n<link rel=\"canonical\" href=\"https:\/\/esc-ale.be\/index.php\/aleizee-garderie-denfants-malades\/\" \/>\n<meta property=\"og:locale\" content=\"fr_FR\" \/>\n<meta property=\"og:type\" content=\"article\" \/>\n<meta property=\"og:title\" content=\"Ale\u2019iz\u00e9e \u2013 Garderie d\u2019enfants malades - Esc&#039;ALE ASBL - ALE de Tournai-Pecq\" \/>\n<meta property=\"og:description\" content=\"L\u2019ALE de Tournai, l\u2019IMSTAM, le CPAS de Tournai et Vit\u2019Ale manne ont d\u00e9cid\u00e9 de s\u2019unir pour ouvrir une garderie pour enfants malades sur Tournai\" \/>\n<meta property=\"og:url\" content=\"https:\/\/esc-ale.be\/index.php\/aleizee-garderie-denfants-malades\/\" \/>\n<meta property=\"og:site_name\" content=\"Esc&#039;ALE ASBL - ALE de Tournai-Pecq\" \/>\n<meta property=\"article:modified_time\" content=\"2026-03-11T13:04:03+00:00\" \/>\n<meta property=\"og:image\" content=\"https:\/\/esc-ale.be\/wp-content\/uploads\/2019\/08\/aleizee-garderie-e1566822459557.jpg\" \/>\n\t<meta property=\"og:image:width\" content=\"937\" \/>\n\t<meta property=\"og:image:height\" content=\"787\" \/>\n\t<meta property=\"og:image:type\" content=\"image\/jpeg\" \/>\n<meta name=\"twitter:card\" content=\"summary_large_image\" \/>\n<meta name=\"twitter:label1\" content=\"Dur\u00e9e de lecture estim\u00e9e\" \/>\n\t<meta name=\"twitter:data1\" content=\"3 minutes\" \/>\n<script type=\"application\/ld+json\" class=\"yoast-schema-graph\">{\"@context\":\"https:\\\/\\\/schema.org\",\"@graph\":[{\"@type\":\"WebPage\",\"@id\":\"https:\\\/\\\/esc-ale.be\\\/index.php\\\/aleizee-garderie-denfants-malades\\\/\",\"url\":\"https:\\\/\\\/esc-ale.be\\\/index.php\\\/aleizee-garderie-denfants-malades\\\/\",\"name\":\"Ale\u2019iz\u00e9e \u2013 Garderie d\u2019enfants malades - Esc&#039;ALE ASBL - ALE de Tournai-Pecq\",\"isPartOf\":{\"@id\":\"https:\\\/\\\/esc-ale.be\\\/#website\"},\"primaryImageOfPage\":{\"@id\":\"https:\\\/\\\/esc-ale.be\\\/index.php\\\/aleizee-garderie-denfants-malades\\\/#primaryimage\"},\"image\":{\"@id\":\"https:\\\/\\\/esc-ale.be\\\/index.php\\\/aleizee-garderie-denfants-malades\\\/#primaryimage\"},\"thumbnailUrl\":\"https:\\\/\\\/esc-ale.be\\\/wp-content\\\/uploads\\\/2019\\\/08\\\/aleizee-garderie-1024x819.jpg\",\"datePublished\":\"2019-08-07T09:56:23+00:00\",\"dateModified\":\"2026-03-11T13:04:03+00:00\",\"description\":\"L\u2019ALE de Tournai, l\u2019IMSTAM, le CPAS de Tournai et Vit\u2019Ale manne ont d\u00e9cid\u00e9 de s\u2019unir pour ouvrir une garderie pour enfants malades sur Tournai\",\"breadcrumb\":{\"@id\":\"https:\\\/\\\/esc-ale.be\\\/index.php\\\/aleizee-garderie-denfants-malades\\\/#breadcrumb\"},\"inLanguage\":\"fr-FR\",\"potentialAction\":[{\"@type\":\"ReadAction\",\"target\":[\"https:\\\/\\\/esc-ale.be\\\/index.php\\\/aleizee-garderie-denfants-malades\\\/\"]}]},{\"@type\":\"ImageObject\",\"inLanguage\":\"fr-FR\",\"@id\":\"https:\\\/\\\/esc-ale.be\\\/index.php\\\/aleizee-garderie-denfants-malades\\\/#primaryimage\",\"url\":\"https:\\\/\\\/esc-ale.be\\\/wp-content\\\/uploads\\\/2019\\\/08\\\/aleizee-garderie-e1566822459557.jpg\",\"contentUrl\":\"https:\\\/\\\/esc-ale.be\\\/wp-content\\\/uploads\\\/2019\\\/08\\\/aleizee-garderie-e1566822459557.jpg\",\"width\":937,\"height\":787},{\"@type\":\"BreadcrumbList\",\"@id\":\"https:\\\/\\\/esc-ale.be\\\/index.php\\\/aleizee-garderie-denfants-malades\\\/#breadcrumb\",\"itemListElement\":[{\"@type\":\"ListItem\",\"position\":1,\"name\":\"Accueil\",\"item\":\"https:\\\/\\\/esc-ale.be\\\/\"},{\"@type\":\"ListItem\",\"position\":2,\"name\":\"Ale\u2019iz\u00e9e \u2013 Garderie d\u2019enfants malades\"}]},{\"@type\":\"WebSite\",\"@id\":\"https:\\\/\\\/esc-ale.be\\\/#website\",\"url\":\"https:\\\/\\\/esc-ale.be\\\/\",\"name\":\"Esc&#039;ALE ASBL - ALE de Tournai-Pecq\",\"description\":\"Vous \u00e9prouvez des difficult\u00e9s \u00e0 vous d\u00e9placer ? Vous souhaitez vous rendre chez le m\u00e9decin, \u00e0 une consultation \u00e0 l&#039;h\u00f4pital, faire des courses, \u2026\",\"publisher\":{\"@id\":\"https:\\\/\\\/esc-ale.be\\\/#organization\"},\"potentialAction\":[{\"@type\":\"SearchAction\",\"target\":{\"@type\":\"EntryPoint\",\"urlTemplate\":\"https:\\\/\\\/esc-ale.be\\\/?s={search_term_string}\"},\"query-input\":{\"@type\":\"PropertyValueSpecification\",\"valueRequired\":true,\"valueName\":\"search_term_string\"}}],\"inLanguage\":\"fr-FR\"},{\"@type\":\"Organization\",\"@id\":\"https:\\\/\\\/esc-ale.be\\\/#organization\",\"name\":\"Esc&#039;ALE ASBL - ALE de Tournai-Pecq\",\"url\":\"https:\\\/\\\/esc-ale.be\\\/\",\"logo\":{\"@type\":\"ImageObject\",\"inLanguage\":\"fr-FR\",\"@id\":\"https:\\\/\\\/esc-ale.be\\\/#\\\/schema\\\/logo\\\/image\\\/\",\"url\":\"https:\\\/\\\/esc-ale.be\\\/wp-content\\\/uploads\\\/2025\\\/10\\\/cropped-Petit-Logo-EscALE.jpg\",\"contentUrl\":\"https:\\\/\\\/esc-ale.be\\\/wp-content\\\/uploads\\\/2025\\\/10\\\/cropped-Petit-Logo-EscALE.jpg\",\"width\":125,\"height\":110,\"caption\":\"Esc&#039;ALE ASBL - ALE de Tournai-Pecq\"},\"image\":{\"@id\":\"https:\\\/\\\/esc-ale.be\\\/#\\\/schema\\\/logo\\\/image\\\/\"}}]}<\/script>\n<!-- \/ Yoast SEO plugin. -->","yoast_head_json":{"title":"Ale\u2019iz\u00e9e \u2013 Garderie d\u2019enfants malades - Esc&#039;ALE ASBL - ALE de Tournai-Pecq","description":"L\u2019ALE de Tournai, l\u2019IMSTAM, le CPAS de Tournai et Vit\u2019Ale manne ont d\u00e9cid\u00e9 de s\u2019unir pour ouvrir une garderie pour enfants malades sur Tournai","robots":{"index":"index","follow":"follow","max-snippet":"max-snippet:-1","max-image-preview":"max-image-preview:large","max-video-preview":"max-video-preview:-1"},"canonical":"https:\/\/esc-ale.be\/index.php\/aleizee-garderie-denfants-malades\/","og_locale":"fr_FR","og_type":"article","og_title":"Ale\u2019iz\u00e9e \u2013 Garderie d\u2019enfants malades - Esc&#039;ALE ASBL - ALE de Tournai-Pecq","og_description":"L\u2019ALE de Tournai, l\u2019IMSTAM, le CPAS de Tournai et Vit\u2019Ale manne ont d\u00e9cid\u00e9 de s\u2019unir pour ouvrir une garderie pour enfants malades sur Tournai","og_url":"https:\/\/esc-ale.be\/index.php\/aleizee-garderie-denfants-malades\/","og_site_name":"Esc&#039;ALE ASBL - ALE de Tournai-Pecq","article_modified_time":"2026-03-11T13:04:03+00:00","og_image":[{"width":937,"height":787,"url":"https:\/\/esc-ale.be\/wp-content\/uploads\/2019\/08\/aleizee-garderie-e1566822459557.jpg","type":"image\/jpeg"}],"twitter_card":"summary_large_image","twitter_misc":{"Dur\u00e9e de lecture estim\u00e9e":"3 minutes"},"schema":{"@context":"https:\/\/schema.org","@graph":[{"@type":"WebPage","@id":"https:\/\/esc-ale.be\/index.php\/aleizee-garderie-denfants-malades\/","url":"https:\/\/esc-ale.be\/index.php\/aleizee-garderie-denfants-malades\/","name":"Ale\u2019iz\u00e9e \u2013 Garderie d\u2019enfants malades - Esc&#039;ALE ASBL - ALE de Tournai-Pecq","isPartOf":{"@id":"https:\/\/esc-ale.be\/#website"},"primaryImageOfPage":{"@id":"https:\/\/esc-ale.be\/index.php\/aleizee-garderie-denfants-malades\/#primaryimage"},"image":{"@id":"https:\/\/esc-ale.be\/index.php\/aleizee-garderie-denfants-malades\/#primaryimage"},"thumbnailUrl":"https:\/\/esc-ale.be\/wp-content\/uploads\/2019\/08\/aleizee-garderie-1024x819.jpg","datePublished":"2019-08-07T09:56:23+00:00","dateModified":"2026-03-11T13:04:03+00:00","description":"L\u2019ALE de Tournai, l\u2019IMSTAM, le CPAS de Tournai et Vit\u2019Ale manne ont d\u00e9cid\u00e9 de s\u2019unir pour ouvrir une garderie pour enfants malades sur Tournai","breadcrumb":{"@id":"https:\/\/esc-ale.be\/index.php\/aleizee-garderie-denfants-malades\/#breadcrumb"},"inLanguage":"fr-FR","potentialAction":[{"@type":"ReadAction","target":["https:\/\/esc-ale.be\/index.php\/aleizee-garderie-denfants-malades\/"]}]},{"@type":"ImageObject","inLanguage":"fr-FR","@id":"https:\/\/esc-ale.be\/index.php\/aleizee-garderie-denfants-malades\/#primaryimage","url":"https:\/\/esc-ale.be\/wp-content\/uploads\/2019\/08\/aleizee-garderie-e1566822459557.jpg","contentUrl":"https:\/\/esc-ale.be\/wp-content\/uploads\/2019\/08\/aleizee-garderie-e1566822459557.jpg","width":937,"height":787},{"@type":"BreadcrumbList","@id":"https:\/\/esc-ale.be\/index.php\/aleizee-garderie-denfants-malades\/#breadcrumb","itemListElement":[{"@type":"ListItem","position":1,"name":"Accueil","item":"https:\/\/esc-ale.be\/"},{"@type":"ListItem","position":2,"name":"Ale\u2019iz\u00e9e \u2013 Garderie d\u2019enfants malades"}]},{"@type":"WebSite","@id":"https:\/\/esc-ale.be\/#website","url":"https:\/\/esc-ale.be\/","name":"Esc&#039;ALE ASBL - ALE de Tournai-Pecq","description":"Vous \u00e9prouvez des difficult\u00e9s \u00e0 vous d\u00e9placer ? Vous souhaitez vous rendre chez le m\u00e9decin, \u00e0 une consultation \u00e0 l&#039;h\u00f4pital, faire des courses, \u2026","publisher":{"@id":"https:\/\/esc-ale.be\/#organization"},"potentialAction":[{"@type":"SearchAction","target":{"@type":"EntryPoint","urlTemplate":"https:\/\/esc-ale.be\/?s={search_term_string}"},"query-input":{"@type":"PropertyValueSpecification","valueRequired":true,"valueName":"search_term_string"}}],"inLanguage":"fr-FR"},{"@type":"Organization","@id":"https:\/\/esc-ale.be\/#organization","name":"Esc&#039;ALE ASBL - ALE de Tournai-Pecq","url":"https:\/\/esc-ale.be\/","logo":{"@type":"ImageObject","inLanguage":"fr-FR","@id":"https:\/\/esc-ale.be\/#\/schema\/logo\/image\/","url":"https:\/\/esc-ale.be\/wp-content\/uploads\/2025\/10\/cropped-Petit-Logo-EscALE.jpg","contentUrl":"https:\/\/esc-ale.be\/wp-content\/uploads\/2025\/10\/cropped-Petit-Logo-EscALE.jpg","width":125,"height":110,"caption":"Esc&#039;ALE ASBL - ALE de Tournai-Pecq"},"image":{"@id":"https:\/\/esc-ale.be\/#\/schema\/logo\/image\/"}}]}},"jetpack_sharing_enabled":true,"_links":{"self":[{"href":"https:\/\/esc-ale.be\/index.php\/wp-json\/wp\/v2\/pages\/33","targetHints":{"allow":["GET"]}}],"collection":[{"href":"https:\/\/esc-ale.be\/index.php\/wp-json\/wp\/v2\/pages"}],"about":[{"href":"https:\/\/esc-ale.be\/index.php\/wp-json\/wp\/v2\/types\/page"}],"author":[{"embeddable":true,"href":"https:\/\/esc-ale.be\/index.php\/wp-json\/wp\/v2\/users\/1"}],"replies":[{"embeddable":true,"href":"https:\/\/esc-ale.be\/index.php\/wp-json\/wp\/v2\/comments?post=33"}],"version-history":[{"count":84,"href":"https:\/\/esc-ale.be\/index.php\/wp-json\/wp\/v2\/pages\/33\/revisions"}],"predecessor-version":[{"id":2238,"href":"https:\/\/esc-ale.be\/index.php\/wp-json\/wp\/v2\/pages\/33\/revisions\/2238"}],"wp:attachment":[{"href":"https:\/\/esc-ale.be\/index.php\/wp-json\/wp\/v2\/media?parent=33"}],"curies":[{"name":"wp","href":"https:\/\/api.w.org\/{rel}","templated":true}]}}