{"id":3,"date":"2019-08-07T08:39:31","date_gmt":"2019-08-07T06:39:31","guid":{"rendered":"http:\/\/ale-tournai.be\/?page_id=3"},"modified":"2025-11-14T16:09:07","modified_gmt":"2025-11-14T15:09:07","slug":"politique-de-confidentialite","status":"publish","type":"page","link":"https:\/\/esc-ale.be\/index.php\/politique-de-confidentialite\/","title":{"rendered":"R\u00e8glement g\u00e9n\u00e9ral sur la protection des donn\u00e9es"},"content":{"rendered":"\n<h6 class=\"wp-block-heading\"><strong>G\u00e9n\u00e9ralit\u00e9s<\/strong><\/h6>\n\n\n\n<p>L\u2019Agence\nLocale pour l\u2019Emploi de Tournai asbl (dont le si\u00e8ge social est situ\u00e9 au 12, Rue\ndes Foss\u00e9s, 7500 Tournai, Belgique, num\u00e9ro d\u2019entreprise 0455-412-822), en sa\nqualit\u00e9 de responsable du traitement, attache une grande importance \u00e0 la\nprotection et au respect de votre vie priv\u00e9e.<\/p>\n\n\n\n<p>La\npr\u00e9sente politique vise \u00e0 vous informer de notre pratique et sur vos droits\nconcernant le traitement de vos donn\u00e9es personnelles (collecte, utilisation et\npartage des informations).<\/p>\n\n\n\n<p>Celle-ci\ns\u2019applique \u00e0 l\u2019ensemble des personnes figurant &nbsp;dans la&nbsp; base de\ndonn\u00e9es de clients (actuels, pass\u00e9s et futurs) de l\u2019ALE de Tournai asbl. Le\ntraitement de vos donn\u00e9es personnelles (que nous recueillons et que vous nous\nfournissez) est soumis \u00e0 la loi belge, en ce compris au r\u00e8glement UE 2016\/679\ndu 27 avril 2016 relatif \u00e0 la protection des personnes physiques \u00e0 l\u2019\u00e9gard du\ntraitement des donn\u00e9es \u00e0 caract\u00e8re personnel et \u00e0 la libre circulation de ces\ndonn\u00e9es (RGPD).<\/p>\n\n\n\n<p>D\u00e8s lors,\nnous vous invitons \u00e0 lire attentivement le pr\u00e9sent document pour conna\u00eetre et\ncomprendre ce que nous mettons en \u0153uvre quant au traitement de vos donn\u00e9es\npersonnelles.<\/p>\n\n\n\n<p><strong>Identit\u00e9 et coordonn\u00e9es du D\u00e9l\u00e9gu\u00e9 \u00e0 la Protection des Donn\u00e9es (DPO)\u00a0:<\/strong><\/p>\n\n\n\n<p>Madame\nLaurence Barbaix<\/p>\n\n\n\n<p>Rue des\nFoss\u00e9s, 12 \u2013 7500 Tournai<\/p>\n\n\n\n<p>069\/777.938<\/p>\n\n\n\n<p><a href=\"mailto:laurencebarbaix@esc-ale.be\">laurencebarbaix@esc-ale.be<\/a><\/p>\n\n\n\n<p><strong>Quelles informations collectons-nous ?<\/strong><\/p>\n\n\n\n<p>Nous\nsommes susceptibles de recueillir et de traiter les donn\u00e9es suivantes&nbsp;:<\/p>\n\n\n\n<ul class=\"wp-block-list\">\n<li>votre Nom et Pr\u00e9nom\u00a0;<\/li>\n\n\n\n<li>votre num\u00e9ro national belge<br>     (NISS)\u00a0;<\/li>\n\n\n\n<li>votre adresse<br>     (domicile)\u00a0;<\/li>\n\n\n\n<li>votre e-mail\u00a0;<\/li>\n\n\n\n<li>votre num\u00e9ro de t\u00e9l\u00e9phone<br>     fixe ou num\u00e9ro de GSM\u00a0;<\/li>\n\n\n\n<li>vos coordonn\u00e9es bancaires<br>     (en cas d\u2019aide \u00e0 l\u2019inscription ou pour effectuer un remboursement)\u00a0;<\/li>\n\n\n\n<li>une photographie (si vous<br>     \u00eates candidat prestataire ale)\u00a0;<\/li>\n\n\n\n<li>les coordonn\u00e9es<br>     d\u2019intervenant(s) \u00e9ventuel(s) (CPAS, administrateur de biens\u2026)\u00a0;<\/li>\n\n\n\n<li>votre fonction ou la nature<br>     de vos activit\u00e9s commerciales ou associatives\u00a0;<\/li>\n\n\n\n<li>votre num\u00e9ro d\u2019autorisation<br>     Edenred\/Sodexo\/IPALLE ou tout autre institution avec laquelle nous<br>     collaborons\u00a0;<\/li>\n\n\n\n<li>la date \u00e0 laquelle vous vous<br>     \u00eates inscrit\u00a0;<\/li>\n\n\n\n<li>la date de prolongation ou<br>     de fin de contrat\u00a0;<\/li>\n\n\n\n<li>la date \u00e0 laquelle vous nous<br>     avez notifi\u00e9 tout changement de situation (social, familial ou<br>     professionnel) et la nature de celui-ci\u00a0;<\/li>\n\n\n\n<li>des indications sur votre<br>     \u00e9tat de sant\u00e9 (donn\u00e9es par vous)\u00a0;<\/li>\n\n\n\n<li>votre situation familiale.<\/li>\n<\/ul>\n\n\n\n<p><strong>Quand collectons-nous vos donn\u00e9es\u00a0?<\/strong><\/p>\n\n\n\n<p>Nous\npouvons collecter des informations personnelles vous concernant de plusieurs\nfa\u00e7ons et notamment&nbsp;:<\/p>\n\n\n\n<ul class=\"wp-block-list\">\n<li>d\u00e8s que vous \u00eates en contact<br>     avec l\u2019un de nos agents\u00a0;<\/li>\n\n\n\n<li>lors de votre inscription client\/candidat<br>     aux prestations ale ou \u00e0 un contrat TS\u00a0;<\/li>\n\n\n\n<li>lors de l\u2019utilisation de<br>     l\u2019un de nos services\u00a0;<\/li>\n\n\n\n<li>lors de votre visite \u00e0<br>     l\u2019agence\u00a0;<\/li>\n\n\n\n<li>lors de votre participation<br>     \u00e0 l\u2019un de nos \u00e9v\u00e9nements\u00a0;<\/li>\n\n\n\n<li>lorsque vous vous connectez<br>     \u00e0 notre site Internet\u00a0(ale-tournai.be).<\/li>\n<\/ul>\n\n\n\n<p><strong>Pourquoi vos donn\u00e9es personnelles sont-elles trait\u00e9es ?<\/strong><\/p>\n\n\n\n<p>Vos\ndonn\u00e9es \u00e0 caract\u00e8re personnel sont collect\u00e9es et trait\u00e9es en vue de r\u00e9pondre\naux finalit\u00e9s suivantes&nbsp;:<\/p>\n\n\n\n<ul class=\"wp-block-list\">\n<li>pour vous informer, par<br>     e-mail, des actualit\u00e9s li\u00e9es au secteur et \u00e0 nos services\u00a0;<\/li>\n\n\n\n<li>pour vous inviter \u00e0 nos<br>     \u00e9v\u00e9nements\u00a0;<\/li>\n\n\n\n<li>pour ex\u00e9cuter notre contrat<br>     de prestations de service avec vous\u00a0;<\/li>\n\n\n\n<li>pour vous informer sur nos<br>     services et vous proposer des offres de services\u00a0;<\/li>\n\n\n\n<li>pour vous informer sur les<br>     services de institutions partenaires (autres Agences Locales pour<br>     l\u2019Emploi, Vit\u2019Ale manne, FOREM\u2026)\u00a0;<\/li>\n\n\n\n<li>pour r\u00e9aliser des<br>     statistiques ou des enqu\u00eates en vue d\u2019am\u00e9liorer la qualit\u00e9 et le contenu<br>     de nos services\u00a0;<\/li>\n\n\n\n<li>pour lutter contre les<br>     fraudes \u00e9ventuelles, les d\u00e9lits et les infractions \u00e9ventuelles et assurer<br>     la gestion des litiges et proc\u00e9dures juridiques \u00e9ventuelles\u00a0;<\/li>\n\n\n\n<li>pour nous conformer \u00e0 des<br>     exigences l\u00e9gales ou contractuelles.<\/li>\n<\/ul>\n\n\n\n<p><strong>Avec qui vos donn\u00e9es sont-elles partag\u00e9es ?<\/strong><\/p>\n\n\n\n<p>Vos\ndonn\u00e9es personnelles sont destin\u00e9es aux personnes physiques ou morales en\nrelation directe avec l\u2019ALE de Tournai et devant en disposer pour r\u00e9pondre aux\nfinalit\u00e9s mentionn\u00e9es ci-dessus, tels que des sous-traitants de l\u2019ALE de\nTournai qui l\u2019assistent dans l\u2019ex\u00e9cution de ses t\u00e2ches ou d\u2019autres Agences Locales\npour l\u2019Emploi. Ainsi qu\u2019aux organisations auxquelles vous adh\u00e9rez implicitement\npar le fait de m\u00eame de votre affiliation \u00e0 l\u2019ALE de Tournai (EDENRED, SODEXO\u2026).<\/p>\n\n\n\n<p>L\u2019ALE de\nTournai fait ainsi appel \u00e0 des sous-traitants pour lui fournir une infrastructure\net des services IT. Lorsque l\u2019ALE de Tournai partage des donn\u00e9es personnelles\nou utilise des fournisseurs de services, elle limite l\u2019acc\u00e8s des donn\u00e9es aux\ndonn\u00e9es strictement n\u00e9cessaires pour ex\u00e9cuter les t\u00e2ches et s\u2019assure que des\nmesures appropri\u00e9es soient garanties pour prot\u00e9ger vos donn\u00e9es. Si, \u00e0 l\u2019avenir,\nl\u2019ALE de Tournai a recours \u00e0 des sous-traitants \u00e9tablis en dehors de l\u2019Espace\n\u00e9conomique europ\u00e9en (r\u00e9seaux sociaux par exemple), l\u2019ALE de Tournai veillera \u00e0\nne travailler qu\u2019avec des sous-traitants de pays reconnus par la Commission\nEurop\u00e9enne offrant un niveau de protection ad\u00e9quat ou avec des sous-traitants\nli\u00e9s par des dispositions standardis\u00e9es approuv\u00e9es par la Commission\nEurop\u00e9enne.<\/p>\n\n\n\n<p><em>Sous-traitants&nbsp;:<\/em><\/p>\n\n\n\n<ul class=\"wp-block-list\">\n<li>EDENRED<\/li>\n\n\n\n<li>SODEXO<\/li>\n\n\n\n<li>Assurances (Ethias, AXA)<\/li>\n\n\n\n<li>Banque (Belfius)<\/li>\n\n\n\n<li>IPALLE<\/li>\n\n\n\n<li>Vit\u2019Ale manne<\/li>\n\n\n\n<li>Plateforme des ALE Wallonnes<\/li>\n<\/ul>\n\n\n\n<p><em>Intervenants sociaux\u00a0:<\/em><\/p>\n\n\n\n<ul class=\"wp-block-list\">\n<li>Police<\/li>\n\n\n\n<li>CPAS\/Commune<\/li>\n\n\n\n<li>FOREM<\/li>\n\n\n\n<li>ONEM<\/li>\n\n\n\n<li>H\u00f4pitaux<\/li>\n\n\n\n<li>Mutuelles<\/li>\n\n\n\n<li>M\u00e9decins, intervenants de<br>     soins<\/li>\n\n\n\n<li>Partenaires du r\u00e9seau 107<\/li>\n\n\n\n<li>Soci\u00e9t\u00e9s de logement, agence<br>     immobili\u00e8re, maison d\u2019accueil, abris de nuit\u2026<\/li>\n\n\n\n<li>Centre d\u2019accueil Croix-Rouge<\/li>\n\n\n\n<li>Services d\u2019aide agr\u00e9\u00e9s FWB<\/li>\n\n\n\n<li>Administrateurs de biens ou<br>     m\u00e9diateurs de dettes<\/li>\n\n\n\n<li>Centre de guidance<\/li>\n<\/ul>\n\n\n\n<p><em>Organismes de paiement\u00a0:<\/em><\/p>\n\n\n\n<ul class=\"wp-block-list\">\n<li>FGTB<\/li>\n\n\n\n<li>CSC<\/li>\n\n\n\n<li>CAPAC<\/li>\n\n\n\n<li>CGSLB<\/li>\n<\/ul>\n\n\n\n<p><em>Services IT\u00a0:<\/em><\/p>\n\n\n\n<ul class=\"wp-block-list\">\n<li>OVH<\/li>\n\n\n\n<li>SIP<\/li>\n\n\n\n<li>Proximus<\/li>\n\n\n\n<li>GAP<\/li>\n\n\n\n<li>SST (Secr\u00e9tariat Social du<br>     Tournaisis)<\/li>\n<\/ul>\n\n\n\n<p><strong>La d\u00e9cision est-elle fond\u00e9e exclusivement sur un traitement automatis\u00e9, et ce compris le profilage\u00a0?<\/strong><\/p>\n\n\n\n<p>Les\ndiff\u00e9rents traitements n\u2019impliquent aucune d\u00e9cision fond\u00e9e exclusivement sur un\ntraitement automatis\u00e9, et y compris le profilage.<\/p>\n\n\n\n<p><strong>Comment vos donn\u00e9es sont-elles prot\u00e9g\u00e9es ?<\/strong><\/p>\n\n\n\n<p>Vos\ndonn\u00e9es sont r\u00e9cup\u00e9r\u00e9es sur un serveur s\u00e9curis\u00e9 situ\u00e9 au si\u00e8ge social de l\u2019ALE\nde Tournai. Nous mettons tout en \u0153uvre pour prendre des mesures techniques et\norganisationnelles appropri\u00e9es pour prot\u00e9ger vos donn\u00e9es contre l\u2019acc\u00e8s\nillicite, l\u2019acc\u00e8s non autoris\u00e9, la perte, le vol ou la modification de vos\ndonn\u00e9es.<\/p>\n\n\n\n<p><strong>Pendant combien de temps vos donn\u00e9es sont-elles conserv\u00e9es\u00a0?<\/strong><\/p>\n\n\n\n<p>Vos\ndonn\u00e9es seront conserv\u00e9es de fa\u00e7on illimit\u00e9e, sauf si vous en faites la\ndemande.<\/p>\n\n\n\n<p><strong>Quels sont vos droits\u00a0?<\/strong><\/p>\n\n\n\n<p>Conform\u00e9ment\naux dispositions l\u00e9gales applicables \u00e0 toutes les institutions et soci\u00e9t\u00e9s\ntraitant de donn\u00e9es personnelles, &nbsp;toute personne justifiant de son\nidentit\u00e9, peut demander:<\/p>\n\n\n\n<ul class=\"wp-block-list\">\n<li>d\u2019obtenir la confirmation<br>     que ses donn\u00e9es personnelles le concernant sont ou ne sont pas trait\u00e9es<br>     et, lorsqu\u2019elles le sont, d\u2019avoir un acc\u00e8s aux dites donn\u00e9es\u00a0;<\/li>\n\n\n\n<li>d\u2019obtenir une copie de ses<br>     donn\u00e9es personnelles faisant l\u2019objet d\u2019un traitement de donn\u00e9es;<\/li>\n\n\n\n<li>d\u2019obtenir la rectification<br>     de ses donn\u00e9es personnelles qui sont inexactes et de compl\u00e9ter ses donn\u00e9es<br>     lorsqu\u2019elles sont incompl\u00e8tes, y compris en fournissant une d\u00e9claration<br>     compl\u00e9mentaire\u00a0;<\/li>\n\n\n\n<li>d\u2019effacer ses donn\u00e9es de les<br>     bases de donn\u00e9es;<\/li>\n\n\n\n<li>de s\u2019opposer \u00e0 tout moment,<br>     pour des raisons tenant \u00e0 sa situation particuli\u00e8re, \u00e0 un traitement de<br>     ses donn\u00e9es personnelles, fond\u00e9 sur l\u2019int\u00e9r\u00eat l\u00e9gitime, et notamment de<br>     retirer \u00e0 tout moment son consentement lorsque le traitement est li\u00e9 au<br>     marketing direct de mani\u00e8re \u00e0 ce que l\u2019institution ou la soci\u00e9t\u00e9 cesse ce<br>     traitement\u00a0;<\/li>\n\n\n\n<li>de limiter le traitement de<br>     ses donn\u00e9es en cas de contestation relative \u00e0 un traitement ou pendant<br>     l\u2019examen d\u2019une plainte\u00a0;<\/li>\n\n\n\n<li>de demander la portabilit\u00e9<br>     de ses donn\u00e9es et de transmettre ainsi une copie de ses donn\u00e9es \u00e0 un autre<br>     responsable de traitement dans un format structur\u00e9.<\/li>\n<\/ul>\n\n\n\n<p><strong>S\u00e9curit\u00e9 de notre site internet et liens hypertextes<\/strong><\/p>\n\n\n\n<p>Le site\nInternet de l\u2019ALE de Tournai peut contenir des liens hypertextes vers d\u2019autres\nsites Internet qui ne sont ni exploit\u00e9s ni contr\u00f4l\u00e9s par elle. Par cons\u00e9quent,\nelle ne peut \u00eatre responsable du contenu de tels sites Internet, ni des\npratiques de protection des donn\u00e9es des tiers qui les exploitent et qui peuvent\ndiff\u00e9rer des siennes.<\/p>\n\n\n\n<p><strong>Comment exercer vos droits\u00a0?<\/strong><\/p>\n\n\n\n<p>Pour exercer\nvos droits, vous devez adresser une demande \u00e9crite&nbsp;\u00e0 l\u2019ALE de Tournai qui\nindique votre nom complet et l\u2019objet pr\u00e9cis de votre demande&nbsp;:<\/p>\n\n\n\n<ul class=\"wp-block-list\">\n<li>soit par e-mail<br>     \u00e0\u00a0l\u2019adresse <a href=\"mailto:info@esc-ale.be\">info@esc-ale.be<\/a><\/li>\n\n\n\n<li>soit par courrier, en<br>     envoyant une lettre \u00e0 l\u2019adresse du si\u00e8ge social de l\u2019ALE de Tournai, Rue<br>     des Foss\u00e9s, 12 \u00e0 7500 Tournai.<\/li>\n<\/ul>\n\n\n\n<p>L\u2019ALE adressera, en principe, sa r\u00e9ponse par voie \u00e9lectronique sauf contre-ordre du demandeur.<\/p>\n\n\n\n<p>L\u2019ALE\ntraitera la demande dans le mois suivant le moment o\u00f9 elle est en possession de\ntous les \u00e9l\u00e9ments n\u00e9cessaires au traitement de la demande. Si votre demande est\ncomplexe, ce d\u00e9lai peut \u00eatre prolong\u00e9 de deux mois maximum mais l\u2019ALE vous en\ninformera pr\u00e9alablement.<\/p>\n\n\n\n<p>Les\ndemandes formul\u00e9es en vertu de la pr\u00e9sente disposition sont en principe\ngratuites. Toutefois, lorsque les demandes sont manifestement infond\u00e9es ou\nexcessives, elle peut exiger le paiement de frais raisonnables qui tiennent\ncompte des co\u00fbts administratifs li\u00e9s \u00e0 ces demandes.<\/p>\n\n\n\n<p>L\u2019ALE se\nr\u00e9serve le droit de r\u00e9clamer des informations compl\u00e9mentaires n\u00e9cessaires \u00e0\nconfirmer l\u2019identit\u00e9 de la personne concern\u00e9e lorsqu\u2019elle a des doutes\nraisonnables sur l\u2019identit\u00e9 du demandeur.<\/p>\n\n\n\n<p>Si vous\nestimez que l\u2019ALE n\u2019 pas respect\u00e9 vos droits, vous avez la possibilit\u00e9\nd\u2019introduire une plainte aupr\u00e8s de l\u2019autorit\u00e9 comp\u00e9tente [actuellement, il\ns\u2019agit de l\u2019Autorit\u00e9 de la Protection des Donn\u00e9es (anciennement CPVP \u2013\nCommission de la Protection de la Vie Priv\u00e9e)] ou obtenir r\u00e9paration aupr\u00e8s des\ntribunaux comp\u00e9tents.<\/p>\n\n\n\n<p><strong>Droit applicable et tribunaux comp\u00e9tents<\/strong><\/p>\n\n\n\n<p>Les\npr\u00e9sentes conditions sont enti\u00e8rement soumises au droit belge. Les tribunaux de\nl\u2019arrondissement judiciaire de Mons sont exclusivement comp\u00e9tents pour\nconna\u00eetre de tout litige relatif aux pr\u00e9sentes conditions et au traitement de\ndonn\u00e9es personnelles par l\u2019ALE de Tournai.<\/p>\n\n\n\n<p><strong>Mise \u00e0 jour<\/strong><\/p>\n\n\n\n<p>L\u2019ALE de\nTournai se r\u00e9serve le droit de mettre \u00e0 jour les conditions reprises dans la\npr\u00e9sente d\u00e9claration de confidentialit\u00e9, \u00e0 tout moment, en fonction\nd\u2019\u00e9volutions l\u00e9gales.<\/p>\n\n\n\n<p>En cas de\nmodification des conditions, la derni\u00e8re version disponible sur le site web\nsera applicable.<\/p>\n\n\n\n<p>L\u2019ALE de\nTournai invite tout utilisateur \u00e0 prendre connaissance de cette page lors de\nchaque consultation du site web.<\/p>\n\n\n\n<p><strong>Avertissement<\/strong><\/p>\n\n\n\n<p>L\u2019ALE de\nTournai ne pourra en aucun cas \u00eatre tenue pour responsable de dommages, directs\nou indirects, qui d\u00e9coulent d\u2019un usage fautif ou illicite de donn\u00e9es\npersonnelles par des tiers.<\/p>\n\n\n\n<p>L\u2019agent\ntraitant est seul responsable de l\u2019exactitude de ses donn\u00e9es et il doit\ns\u2019abstenir de toute collecte ou utilisation d\u00e9tourn\u00e9e concernant les donn\u00e9es\nnominatives auxquelles il est susceptible d\u2019acc\u00e9der. De mani\u00e8re g\u00e9n\u00e9rale, il\nlui est interdit d\u2019effectuer tout acte de nature \u00e0 porter atteinte \u00e0 la vie\npriv\u00e9e ou \u00e0 la r\u00e9putation des personnes. Le non-respect de ces obligations\nexpose l\u2019agent traitant \u00e0 des sanctions p\u00e9nales.<\/p>\n\n\n\n<p>La nouvelle loi vie priv\u00e9e europ\u00e9enne \u2013 le \u201c<a href=\"http:\/\/eur-lex.europa.eu\/legal-content\/FR\/TXT\/?uri=CELEX:32016R0679\" target=\"_blank\" rel=\"noreferrer noopener\">R\u00e8glement g\u00e9n\u00e9ral sur la protection des donn\u00e9es<\/a>\u201d (ou RGPD) \u2013 qui sera d\u2019application le 25 mai 2018, constitue une opportunit\u00e9 pour les entreprises de r\u00e9fl\u00e9chir \u00e0 la mani\u00e8re dont elles conservent les donn\u00e9es, dont elles les utilisent et \u00e0 ce qu\u2019il en est de la protection de celles-ci.<\/p>\n\n\n\n<p>Au\nbesoin, la politique de protection des donn\u00e9es qui est appliqu\u00e9e doit \u00eatre\nadapt\u00e9e afin de satisfaire \u00e0 la nouvelle l\u00e9gislation. Pour les entreprises et\nles organisations, optimaliser leur gestion des donn\u00e9es constitue donc un\nexercice pertinent.<\/p>\n\n\n\n<p><\/p>\n","protected":false},"excerpt":{"rendered":"<p>G\u00e9n\u00e9ralit\u00e9s L\u2019Agence Locale pour l\u2019Emploi de Tournai asbl (dont le si\u00e8ge social est situ\u00e9 au 12, Rue des Foss\u00e9s, 7500 Tournai, Belgique, num\u00e9ro d\u2019entreprise 0455-412-822), en sa qualit\u00e9 de responsable &#8230;<\/p>\n","protected":false},"author":1,"featured_media":0,"parent":0,"menu_order":0,"comment_status":"closed","ping_status":"open","template":"template-fullwidth.php","meta":{"footnotes":""},"class_list":["post-3","page","type-page","status-publish","hentry"],"yoast_head":"<!-- This site is optimized with the Yoast SEO plugin v27.3 - https:\/\/yoast.com\/product\/yoast-seo-wordpress\/ -->\n<title>R\u00e8glement g\u00e9n\u00e9ral sur la protection des donn\u00e9es - Esc&#039;ALE ASBL - ALE de Tournai-Pecq<\/title>\n<meta name=\"robots\" content=\"index, follow, max-snippet:-1, max-image-preview:large, max-video-preview:-1\" \/>\n<link rel=\"canonical\" href=\"https:\/\/esc-ale.be\/index.php\/politique-de-confidentialite\/\" \/>\n<meta property=\"og:locale\" content=\"fr_FR\" \/>\n<meta property=\"og:type\" content=\"article\" \/>\n<meta property=\"og:title\" content=\"R\u00e8glement g\u00e9n\u00e9ral sur la protection des donn\u00e9es - Esc&#039;ALE ASBL - ALE de Tournai-Pecq\" \/>\n<meta property=\"og:description\" content=\"G\u00e9n\u00e9ralit\u00e9s L\u2019Agence Locale pour l\u2019Emploi de Tournai asbl (dont le si\u00e8ge social est situ\u00e9 au 12, Rue des Foss\u00e9s, 7500 Tournai, Belgique, num\u00e9ro d\u2019entreprise 0455-412-822), en sa qualit\u00e9 de responsable ...\" \/>\n<meta property=\"og:url\" content=\"https:\/\/esc-ale.be\/index.php\/politique-de-confidentialite\/\" \/>\n<meta property=\"og:site_name\" content=\"Esc&#039;ALE ASBL - ALE de Tournai-Pecq\" \/>\n<meta property=\"article:modified_time\" content=\"2025-11-14T15:09:07+00:00\" \/>\n<meta name=\"twitter:card\" content=\"summary_large_image\" \/>\n<meta name=\"twitter:label1\" content=\"Dur\u00e9e de lecture estim\u00e9e\" \/>\n\t<meta name=\"twitter:data1\" content=\"9 minutes\" \/>\n<script type=\"application\/ld+json\" class=\"yoast-schema-graph\">{\"@context\":\"https:\\\/\\\/schema.org\",\"@graph\":[{\"@type\":\"WebPage\",\"@id\":\"https:\\\/\\\/esc-ale.be\\\/index.php\\\/politique-de-confidentialite\\\/\",\"url\":\"https:\\\/\\\/esc-ale.be\\\/index.php\\\/politique-de-confidentialite\\\/\",\"name\":\"R\u00e8glement g\u00e9n\u00e9ral sur la protection des donn\u00e9es - Esc&#039;ALE ASBL - ALE de Tournai-Pecq\",\"isPartOf\":{\"@id\":\"https:\\\/\\\/esc-ale.be\\\/#website\"},\"datePublished\":\"2019-08-07T06:39:31+00:00\",\"dateModified\":\"2025-11-14T15:09:07+00:00\",\"breadcrumb\":{\"@id\":\"https:\\\/\\\/esc-ale.be\\\/index.php\\\/politique-de-confidentialite\\\/#breadcrumb\"},\"inLanguage\":\"fr-FR\",\"potentialAction\":[{\"@type\":\"ReadAction\",\"target\":[\"https:\\\/\\\/esc-ale.be\\\/index.php\\\/politique-de-confidentialite\\\/\"]}]},{\"@type\":\"BreadcrumbList\",\"@id\":\"https:\\\/\\\/esc-ale.be\\\/index.php\\\/politique-de-confidentialite\\\/#breadcrumb\",\"itemListElement\":[{\"@type\":\"ListItem\",\"position\":1,\"name\":\"Accueil\",\"item\":\"https:\\\/\\\/esc-ale.be\\\/\"},{\"@type\":\"ListItem\",\"position\":2,\"name\":\"R\u00e8glement g\u00e9n\u00e9ral sur la protection des donn\u00e9es\"}]},{\"@type\":\"WebSite\",\"@id\":\"https:\\\/\\\/esc-ale.be\\\/#website\",\"url\":\"https:\\\/\\\/esc-ale.be\\\/\",\"name\":\"Esc&#039;ALE ASBL - ALE de Tournai-Pecq\",\"description\":\"Vous \u00e9prouvez des difficult\u00e9s \u00e0 vous d\u00e9placer ? Vous souhaitez vous rendre chez le m\u00e9decin, \u00e0 une consultation \u00e0 l&#039;h\u00f4pital, faire des courses, \u2026\",\"publisher\":{\"@id\":\"https:\\\/\\\/esc-ale.be\\\/#organization\"},\"potentialAction\":[{\"@type\":\"SearchAction\",\"target\":{\"@type\":\"EntryPoint\",\"urlTemplate\":\"https:\\\/\\\/esc-ale.be\\\/?s={search_term_string}\"},\"query-input\":{\"@type\":\"PropertyValueSpecification\",\"valueRequired\":true,\"valueName\":\"search_term_string\"}}],\"inLanguage\":\"fr-FR\"},{\"@type\":\"Organization\",\"@id\":\"https:\\\/\\\/esc-ale.be\\\/#organization\",\"name\":\"Esc&#039;ALE ASBL - ALE de Tournai-Pecq\",\"url\":\"https:\\\/\\\/esc-ale.be\\\/\",\"logo\":{\"@type\":\"ImageObject\",\"inLanguage\":\"fr-FR\",\"@id\":\"https:\\\/\\\/esc-ale.be\\\/#\\\/schema\\\/logo\\\/image\\\/\",\"url\":\"https:\\\/\\\/esc-ale.be\\\/wp-content\\\/uploads\\\/2025\\\/10\\\/cropped-Petit-Logo-EscALE.jpg\",\"contentUrl\":\"https:\\\/\\\/esc-ale.be\\\/wp-content\\\/uploads\\\/2025\\\/10\\\/cropped-Petit-Logo-EscALE.jpg\",\"width\":125,\"height\":110,\"caption\":\"Esc&#039;ALE ASBL - ALE de Tournai-Pecq\"},\"image\":{\"@id\":\"https:\\\/\\\/esc-ale.be\\\/#\\\/schema\\\/logo\\\/image\\\/\"}}]}<\/script>\n<!-- \/ Yoast SEO plugin. -->","yoast_head_json":{"title":"R\u00e8glement g\u00e9n\u00e9ral sur la protection des donn\u00e9es - Esc&#039;ALE ASBL - ALE de Tournai-Pecq","robots":{"index":"index","follow":"follow","max-snippet":"max-snippet:-1","max-image-preview":"max-image-preview:large","max-video-preview":"max-video-preview:-1"},"canonical":"https:\/\/esc-ale.be\/index.php\/politique-de-confidentialite\/","og_locale":"fr_FR","og_type":"article","og_title":"R\u00e8glement g\u00e9n\u00e9ral sur la protection des donn\u00e9es - Esc&#039;ALE ASBL - ALE de Tournai-Pecq","og_description":"G\u00e9n\u00e9ralit\u00e9s L\u2019Agence Locale pour l\u2019Emploi de Tournai asbl (dont le si\u00e8ge social est situ\u00e9 au 12, Rue des Foss\u00e9s, 7500 Tournai, Belgique, num\u00e9ro d\u2019entreprise 0455-412-822), en sa qualit\u00e9 de responsable ...","og_url":"https:\/\/esc-ale.be\/index.php\/politique-de-confidentialite\/","og_site_name":"Esc&#039;ALE ASBL - ALE de Tournai-Pecq","article_modified_time":"2025-11-14T15:09:07+00:00","twitter_card":"summary_large_image","twitter_misc":{"Dur\u00e9e de lecture estim\u00e9e":"9 minutes"},"schema":{"@context":"https:\/\/schema.org","@graph":[{"@type":"WebPage","@id":"https:\/\/esc-ale.be\/index.php\/politique-de-confidentialite\/","url":"https:\/\/esc-ale.be\/index.php\/politique-de-confidentialite\/","name":"R\u00e8glement g\u00e9n\u00e9ral sur la protection des donn\u00e9es - Esc&#039;ALE ASBL - ALE de Tournai-Pecq","isPartOf":{"@id":"https:\/\/esc-ale.be\/#website"},"datePublished":"2019-08-07T06:39:31+00:00","dateModified":"2025-11-14T15:09:07+00:00","breadcrumb":{"@id":"https:\/\/esc-ale.be\/index.php\/politique-de-confidentialite\/#breadcrumb"},"inLanguage":"fr-FR","potentialAction":[{"@type":"ReadAction","target":["https:\/\/esc-ale.be\/index.php\/politique-de-confidentialite\/"]}]},{"@type":"BreadcrumbList","@id":"https:\/\/esc-ale.be\/index.php\/politique-de-confidentialite\/#breadcrumb","itemListElement":[{"@type":"ListItem","position":1,"name":"Accueil","item":"https:\/\/esc-ale.be\/"},{"@type":"ListItem","position":2,"name":"R\u00e8glement g\u00e9n\u00e9ral sur la protection des donn\u00e9es"}]},{"@type":"WebSite","@id":"https:\/\/esc-ale.be\/#website","url":"https:\/\/esc-ale.be\/","name":"Esc&#039;ALE ASBL - ALE de Tournai-Pecq","description":"Vous \u00e9prouvez des difficult\u00e9s \u00e0 vous d\u00e9placer ? Vous souhaitez vous rendre chez le m\u00e9decin, \u00e0 une consultation \u00e0 l&#039;h\u00f4pital, faire des courses, \u2026","publisher":{"@id":"https:\/\/esc-ale.be\/#organization"},"potentialAction":[{"@type":"SearchAction","target":{"@type":"EntryPoint","urlTemplate":"https:\/\/esc-ale.be\/?s={search_term_string}"},"query-input":{"@type":"PropertyValueSpecification","valueRequired":true,"valueName":"search_term_string"}}],"inLanguage":"fr-FR"},{"@type":"Organization","@id":"https:\/\/esc-ale.be\/#organization","name":"Esc&#039;ALE ASBL - ALE de Tournai-Pecq","url":"https:\/\/esc-ale.be\/","logo":{"@type":"ImageObject","inLanguage":"fr-FR","@id":"https:\/\/esc-ale.be\/#\/schema\/logo\/image\/","url":"https:\/\/esc-ale.be\/wp-content\/uploads\/2025\/10\/cropped-Petit-Logo-EscALE.jpg","contentUrl":"https:\/\/esc-ale.be\/wp-content\/uploads\/2025\/10\/cropped-Petit-Logo-EscALE.jpg","width":125,"height":110,"caption":"Esc&#039;ALE ASBL - ALE de Tournai-Pecq"},"image":{"@id":"https:\/\/esc-ale.be\/#\/schema\/logo\/image\/"}}]}},"jetpack_sharing_enabled":true,"_links":{"self":[{"href":"https:\/\/esc-ale.be\/index.php\/wp-json\/wp\/v2\/pages\/3","targetHints":{"allow":["GET"]}}],"collection":[{"href":"https:\/\/esc-ale.be\/index.php\/wp-json\/wp\/v2\/pages"}],"about":[{"href":"https:\/\/esc-ale.be\/index.php\/wp-json\/wp\/v2\/types\/page"}],"author":[{"embeddable":true,"href":"https:\/\/esc-ale.be\/index.php\/wp-json\/wp\/v2\/users\/1"}],"replies":[{"embeddable":true,"href":"https:\/\/esc-ale.be\/index.php\/wp-json\/wp\/v2\/comments?post=3"}],"version-history":[{"count":2,"href":"https:\/\/esc-ale.be\/index.php\/wp-json\/wp\/v2\/pages\/3\/revisions"}],"predecessor-version":[{"id":2218,"href":"https:\/\/esc-ale.be\/index.php\/wp-json\/wp\/v2\/pages\/3\/revisions\/2218"}],"wp:attachment":[{"href":"https:\/\/esc-ale.be\/index.php\/wp-json\/wp\/v2\/media?parent=3"}],"curies":[{"name":"wp","href":"https:\/\/api.w.org\/{rel}","templated":true}]}}