{"id":27,"date":"2019-08-07T11:44:13","date_gmt":"2019-08-07T09:44:13","guid":{"rendered":"http:\/\/ale-tournai.be\/?page_id=27"},"modified":"2025-11-07T15:03:58","modified_gmt":"2025-11-07T14:03:58","slug":"ale","status":"publish","type":"page","link":"https:\/\/esc-ale.be\/index.php\/ale\/","title":{"rendered":"Ale"},"content":{"rendered":"\t\t<div data-elementor-type=\"wp-page\" data-elementor-id=\"27\" class=\"elementor elementor-27\">\n\t\t\t\t<div class=\"elementor-element elementor-element-9941028 e-flex e-con-boxed e-con e-parent\" data-id=\"9941028\" data-element_type=\"container\">\n\t\t\t\t\t<div class=\"e-con-inner\">\n\t\t\t\t<div class=\"elementor-element elementor-element-464135f elementor-widget elementor-widget-heading\" data-id=\"464135f\" data-element_type=\"widget\" data-widget_type=\"heading.default\">\n\t\t\t\t<div class=\"elementor-widget-container\">\n\t\t\t\t\t<h2 class=\"elementor-heading-title elementor-size-default\">Besoin d'un coup de main?<\/h2>\t\t\t\t<\/div>\n\t\t\t\t<\/div>\n\t\t\t\t\t<\/div>\n\t\t\t\t<\/div>\n\t\t<div class=\"elementor-element elementor-element-bfdfa3e e-flex e-con-boxed e-con e-parent\" data-id=\"bfdfa3e\" data-element_type=\"container\">\n\t\t\t\t\t<div class=\"e-con-inner\">\n\t\t<div class=\"elementor-element elementor-element-ee02f5c e-con-full e-flex e-con e-child\" data-id=\"ee02f5c\" data-element_type=\"container\">\n\t\t\t\t<div class=\"elementor-element elementor-element-773a7bf elementor-widget elementor-widget-image\" data-id=\"773a7bf\" data-element_type=\"widget\" data-widget_type=\"image.default\">\n\t\t\t\t<div class=\"elementor-widget-container\">\n\t\t\t\t\t\t\t\t\t\t\t\t\t\t\t<img fetchpriority=\"high\" decoding=\"async\" width=\"600\" height=\"400\" src=\"https:\/\/esc-ale.be\/wp-content\/uploads\/2019\/08\/Ale-1.jpg\" class=\"attachment-large size-large wp-image-870\" alt=\"\" srcset=\"https:\/\/esc-ale.be\/wp-content\/uploads\/2019\/08\/Ale-1.jpg 600w, https:\/\/esc-ale.be\/wp-content\/uploads\/2019\/08\/Ale-1-300x200.jpg 300w\" sizes=\"(max-width: 600px) 100vw, 600px\" \/>\t\t\t\t\t\t\t\t\t\t\t\t\t\t\t<\/div>\n\t\t\t\t<\/div>\n\t\t\t\t<\/div>\n\t\t<div class=\"elementor-element elementor-element-1ff2679 e-con-full e-flex e-con e-child\" data-id=\"1ff2679\" data-element_type=\"container\">\n\t\t\t\t<div class=\"elementor-element elementor-element-08b94d1 elementor-widget elementor-widget-text-editor\" data-id=\"08b94d1\" data-element_type=\"widget\" data-widget_type=\"text-editor.default\">\n\t\t\t\t<div class=\"elementor-widget-container\">\n\t\t\t\t\t\t\t\t\t<div id=\"wp-block-themeisle-blocks-advanced-column-439faab1\" class=\"wp-block-themeisle-blocks-advanced-column\">\n<h2 style=\"text-align: left;\"><span class=\"cz-color-10066329\">ALE<\/span><\/h2>\n<p>Une Agence Locale pour l\u2019Emploi (ALE) est une Association Sans But Lucratif (ASBL) cr\u00e9\u00e9e par la commune ou par un groupe de communes. L&rsquo;ALE propose des services d&rsquo;aide aux personnes ou aux associations, pour l&rsquo;ex\u00e9cution de certains travaux, services non-rencontr\u00e9s dans le circuit de travail r\u00e9gulier. Il s&rsquo;agit d&rsquo;un service non-concurrentiel aux activit\u00e9s des entreprises commerciales existantes.<\/p>\n<\/div>\n<div id=\"ConnectiveDocSignExtentionInstalled\" data-extension-version=\"1.0.4\">\u00a0<\/div>\t\t\t\t\t\t\t\t<\/div>\n\t\t\t\t<\/div>\n\t\t\t\t<\/div>\n\t\t\t\t\t<\/div>\n\t\t\t\t<\/div>\n\t\t<div class=\"elementor-element elementor-element-1c9a7ce e-flex e-con-boxed e-con e-parent\" data-id=\"1c9a7ce\" data-element_type=\"container\">\n\t\t\t\t\t<div class=\"e-con-inner\">\n\t\t\t\t<div class=\"elementor-element elementor-element-1ad458e elementor-widget elementor-widget-text-editor\" data-id=\"1ad458e\" data-element_type=\"widget\" data-widget_type=\"text-editor.default\">\n\t\t\t\t<div class=\"elementor-widget-container\">\n\t\t\t\t\t\t\t\t\t<div id=\"wp-block-themeisle-blocks-advanced-columns-e4be876b\" class=\"wp-block-themeisle-blocks-advanced-columns has-2-columns has-desktop-equal-layout has-tablet-equal-layout has-mobile-collapsedRows-layout has-default-gap has-vertical-unset\">\n<div class=\"innerblocks-wrap\">\n<div id=\"wp-block-themeisle-blocks-advanced-column-08b2aed6\" class=\"wp-block-themeisle-blocks-advanced-column\">\n<h4 class=\"cz-color-3355443\"><span class=\"cz-color-0\">Pour qui\u00a0?<\/span><\/h4>\n<p class=\"cz-color-7829367\">Tout particulier, \u00e9cole, pouvoir local, association non commerciale, ASBL, agriculteur, horticulteur peut faire appel \u00e0 l\u2019ALE pour faire effectuer des activit\u00e9s qui ne sont pas concurrentielles au circuit r\u00e9gulier du travail.<\/p>\n<p class=\"cz-color-7829367\">Ces activit\u00e9s et la dur\u00e9e \u00e9ventuelle de leur autorisation sont reprises dans une liste d\u2019activit\u00e9s qui est propre \u00e0 chaque ALE.<\/p>\n<p>\u00a0<\/p>\n<h4 class=\"cz-color-3355443\"><span class=\"cz-color-0\">Recherche<\/span><\/h4>\n<p class=\"cz-color-7829367\">D\u00e8s que l\u2019utilisateur est en ordre d\u2019inscription et qu\u2019il \u00e9met le souhait d\u2019obtenir l\u2019aide d\u2019un prestataire, l\u2019ALE se met \u00e0 la recherche de la personne qui effectuera les t\u00e2ches demand\u00e9es.<\/p>\n<p class=\"cz-color-7829367\">L\u2019utilisateur peut \u00e9mettre une pr\u00e9f\u00e9rence pour un travailleur de son choix.<\/p>\n<p>\u00a0<\/p>\n<h4 class=\"cz-color-3355443\">Principe g\u00e9n\u00e9ral<\/h4>\n<p class=\"cz-color-7829367\">Les activit\u00e9s r\u00e9alis\u00e9es dans le cadre des ALE au sein d\u2019une ASBL, d\u2019une association non commerciale ou d\u2019un \u00e9tablissement d\u2019enseignement ne peuvent en aucun cas\u00a0:<\/p>\n<ul class=\"cz-color-7829367\">\n<li class=\"cz-color-7829367\">d\u2019une part, concurrencer le milieu r\u00e9gulier du travail, \u00e0 savoir ind\u00e9pendant, soci\u00e9t\u00e9 ou autres ;<\/li>\n<li class=\"cz-color-7829367\">d\u2019autre part, relever d\u2019une activit\u00e9 journali\u00e8re pouvant ouvrir ou ayant ouvert dans les 2 ann\u00e9es pr\u00e9c\u00e9dentes un poste sous contrat de travail.<\/li>\n<\/ul>\n<p class=\"cz-color-7829367\">Les activit\u00e9s ALE se concentrent sur des prestations qui ne n\u00e9cessitent pas l\u2019intervention d\u2019un professionnel.<\/p>\n<p class=\"cz-color-7829367\">Chaque ASBL ou association b\u00e9n\u00e9ficie d\u2019un quota de 300 heures par an.<\/p>\n<p class=\"cz-color-7829367\">Il est toujours possible d\u2019introduire une demande de d\u00e9rogation motiv\u00e9e \u00e0 cette r\u00e8gle aupr\u00e8s de l&rsquo;Organe d\u2019Administration.<\/p>\n<p class=\"cz-color-7829367\">Attention : toute activit\u00e9 non reprise au sein de la liste ci-apr\u00e8s doit faire l\u2019objet d\u2019une demande par \u00e9crit ou par t\u00e9l\u00e9phone aupr\u00e8s de l\u2019Agence Locale pour l\u2019Emploi.<\/p>\n<p>\u00a0<\/p>\n<\/div>\n<div id=\"wp-block-themeisle-blocks-advanced-column-de0adada\" class=\"wp-block-themeisle-blocks-advanced-column\">\n<h4 class=\"cz-color-3355443\"><span class=\"cz-color-0\">Droit d\u2019inscription<\/span><\/h4>\n<p class=\"cz-color-7829367\">Chaque ann\u00e9e, un droit d\u2019inscription de 7,45 \u20ac est \u00e0 payer \u00e0 l\u2019agence.<\/p>\n<p class=\"cz-color-7829367\">Si l\u2019utilisateur b\u00e9n\u00e9ficie du statut BIM, il suffit alors de fournir \u00e0 l\u2019agence un document de la mutuelle l\u2019attestant.<\/p>\n<p class=\"cz-color-7829367\">Un mois avant l\u2019\u00e9ch\u00e9ance de l\u2019inscription, l\u2019utilisateur est averti par courrier. Le montant du droit d\u2019inscription peut \u00eatre vers\u00e9 par virement sur le compte de l\u2019 ALE.<\/p>\n<p class=\"cz-color-7829367\">D\u00e8s la 2\u00a0<sup class=\"cz-color-7829367\">\u00e8me<\/sup> ann\u00e9e, la r\u00e9inscription peut se faire online et le montant du droit d\u2019inscription peut \u00eatre vers\u00e9 par virement sur le compte de l\u2019 ALE.<\/p>\n<p>\u00a0<\/p>\n<h4 class=\"cz-color-3355443\">Moyen de paiements \/ tarifs<\/h4>\n<p class=\"cz-color-7829367\">Le travailleur ALE sera pay\u00e9 au moyen de ch\u00e8ques ALE et jamais en liquide.<\/p>\n<p class=\"cz-color-7829367\">Le ch\u00e8que ALE est d\u00fb au prestataire d\u00e8s qu\u2019une heure de travail est entam\u00e9e.<\/p>\n<p class=\"cz-color-7829367\">Sa valeur varie en fonction de la cat\u00e9gorie \u00e0 laquelle l\u2019utilisateur appartient\u00a0:<\/p>\n<ul class=\"cz-color-7829367\">\n<li class=\"cz-color-7829367\">un particulier paiera 6,70 \u20ac de l\u2019heure ;<\/li>\n<li class=\"cz-color-7829367\">une personne reconnue BIM paiera 5,95 \u20ac ;<\/li>\n<li class=\"cz-color-7829367\">une \u00e9cole, une association, une ASBL paiera 7,45 \u20ac ;<\/li>\n<li class=\"cz-color-7829367\">un agriculteur ou un horticulteur paiera 6,20 \u20ac.<\/li>\n<\/ul>\n<p>\u00a0<\/p>\n<p class=\"cz-color-7829367\"><b>Frais de d\u00e9placement<\/b><\/p>\n<p>A compter du 1er janvier 2025, une participation aux frais de d\u00e9placement sera demand\u00e9e aux utilisateurs. Celle-ci s&rsquo;\u00e9l\u00e8ve \u00e0 1\u20ac par prestation (qu&rsquo;importe le nombre d&rsquo;heures) et ne s&rsquo;applique qu&rsquo;aux particuliers et aux asbl qui n&rsquo;ont pas une finalit\u00e9 sociale. Cette participation vous sera factur\u00e9e par mail \u00e0 la fin de chaque trimestre. Elle ne s&rsquo;applique que si votre prestataire se d\u00e9place avec un v\u00e9hicule motoris\u00e9 (voiture, scooter,&#8230;).<\/p>\n<p class=\"cz-color-7829367\">Un seconde possibilit\u00e9 est que l\u2019utilisateur paie \u00e9ventuellement des frais de d\u00e9placement au travailleur si celui-ci a plus de 4 kms aller-retour pour se rendre au domicile de l\u2019utilisateur.\u00a0Le montant du d\u00e9fraiement est d\u00e9termin\u00e9 par l\u2019agence.<\/p>\n<p>\u00a0<\/p>\n<h4 class=\"cz-color-3355443\">Ch\u00e8ques nominatifs ou non nominatifs\u00a0?<\/h4>\n<p>\u00a0<\/p>\n<\/div>\n<p><span style=\"text-decoration: underline;\"><b>A) Les ch\u00e8ques nominatifs<\/b><\/span><\/p>\n<p>Ces ch\u00e8ques peuvent \u00eatre command\u00e9s chez <a href=\"https:\/\/utilisateur.ale-wallonie.pluxee.be\/login\">Pluxee<\/a>. Ils donnent droit \u00e0 une d\u00e9duction fiscale de 30 % \u00e0 40 % selon le taux d\u2019imposition, sur un montant maximum annuel de 2510 \u20ac.<\/p>\n<p>\u00a0<\/p>\n<h6><strong>Il existe 2 types de ch\u00e8ques nominatifs<\/strong>\u00a0:<\/h6>\n<div id=\"wp-block-themeisle-blocks-advanced-column-de0adada\" class=\"wp-block-themeisle-blocks-advanced-column\">\n<ol>\n<li class=\"cz-color-7829367\"><span style=\"text-decoration: underline;\">Des ch\u00e8ques \u00e9lectroniques<\/span>. Ces derniers s\u2019ach\u00e8tent \u00e0 la pi\u00e8ce et sont valables 1 an. Ils sont disponibles sur l&rsquo;application de la soci\u00e9t\u00e9 <a href=\"https:\/\/utilisateur.ale-wallonie.pluxee.be\/login\">Pluxee<\/a>, dans les 24 heures (en principe) qui suivent la r\u00e9ception de votre versement.<\/li>\n<li><span style=\"text-decoration: underline;\">Des ch\u00e8ques papier<\/span>. Ces derniers s\u2019ach\u00e8tent uniquement par 10 minimum et sont valables 1 an. Ils sont envoy\u00e9s, via Bpost, par <a href=\"https:\/\/utilisateur.ale-wallonie.pluxee.be\/login\">Pluxee<\/a>, dans les 10 jours qui suivent la r\u00e9ception de votre versement.<\/li>\n<\/ol>\n<p>\u00a0<\/p>\n<p><span style=\"text-decoration: underline;\"><b>B) Les ch\u00e8ques non nominatifs<\/b><\/span><\/p>\n<p class=\"cz-color-7829367\">Les ch\u00e8ques non nominatifs \u00ab\u00a0papier\u00a0\u00bb ne peuvent \u00eatre achet\u00e9s que par les particuliers, \u00e0 la pi\u00e8ce, aupr\u00e8s de notre agence mais ne donnent droit \u00e0 aucune d\u00e9duction fiscale.<\/p>\n<p class=\"cz-color-7829367\">\u00a0<\/p>\n<\/div>\n<\/div>\n<\/div>\n<div class=\"wp-block-columns has-white-background-color has-background\">\n<div class=\"wp-block-column\">\n<div id=\"wp-block-themeisle-blocks-advanced-columns-4b977ac0\" class=\"wp-block-themeisle-blocks-advanced-columns has-1-columns has-desktop-equal-layout has-tablet-equal-layout has-mobile-equal-layout has-default-gap has-vertical-unset\">\n<div class=\"wp-block-themeisle-blocks-advanced-columns-overlay\">\u00a0<\/div>\n<div class=\"innerblocks-wrap\">\n<div id=\"wp-block-themeisle-blocks-advanced-column-b5c98271\" class=\"wp-block-themeisle-blocks-advanced-column\">\n<p style=\"text-align: center;\"><strong>Liste des activit\u00e9s autoris\u00e9es<\/strong><\/p>\n<p style=\"text-align: center;\">Jardinage chez un particulier (pelouse, rosiers, potagers\u2026)<\/p>\n<p style=\"text-align: center;\">Formalit\u00e9s\u00a0 administratives chez un particulier (compta, secr\u00e9tariat\u2026)<\/p>\n<p style=\"text-align: center;\">Bricolage chez un particulier (peinture, entretien\u2026)<\/p>\n<p style=\"text-align: center;\">Accompagnement de personnes (garde d\u2019enfants, de personnes handicap\u00e9es et personnes \u00e2g\u00e9es \u00e0 domicile)<\/p>\n<p style=\"text-align: center;\">Autorit\u00e9s locales : aide apr\u00e8s inondations, temp\u00eates&#8230;<\/p>\n<p style=\"text-align: center;\">Agriculteur ou horticulteur : aide saisonni\u00e8re chez un agriculteur ou un horticulteur<\/p>\n<p style=\"text-align: center;\">\u00c9tablissements d\u2019enseignement, associations non commerciales, ASBL * : aide logistique, administrative\u2026<\/p>\n<p>\u00a0<\/p>\n<\/div>\n<\/div>\n<\/div>\n<\/div>\n<\/div>\n<div id=\"wp-block-themeisle-blocks-advanced-columns-86e92bff\" class=\"wp-block-themeisle-blocks-advanced-columns has-2-columns has-desktop-equal-layout has-tablet-equal-layout has-mobile-collapsedRows-layout has-default-gap has-vertical-unset\">\n<div class=\"wp-block-themeisle-blocks-advanced-columns-overlay\">\u00a0<\/div>\n<div class=\"innerblocks-wrap\">\n<div id=\"wp-block-themeisle-blocks-advanced-column-c5db5ed9\" class=\"wp-block-themeisle-blocks-advanced-column\">\n<h4 class=\"cz-color-3355443\">Info pratique<\/h4>\n<p class=\"cz-color-7829367\">Tous les ch\u00e8ques ont une dur\u00e9e de validit\u00e9 de 1 an, \u00a0sont remboursables dans l\u2019ann\u00e9e civile de l\u2019achat et \u00e9changeables jusqu\u2019\u00e0 6 mois apr\u00e8s la fin de leur validit\u00e9.<\/p>\n<p class=\"cz-color-7829367\">Attention, des frais administratifs vous seront demand\u00e9s (renseignez-vous\u00a0!).<\/p>\n<p>\u00a0<\/p>\n<h4 class=\"cz-color-3355443\">Assurance<\/h4>\n<p class=\"cz-color-7829367\">L\u2019inscription \u00e0 l\u2019 ALE inclut la prise en charge par l\u2019 ALE :<\/p>\n<ul class=\"cz-color-7829367\">\n<li class=\"cz-color-7829367\">d\u2019une assurance accident du travail prot\u00e9geant ainsi le travailleur des cons\u00e9quences de tout \u00a0accident pouvant survenir sur le chemin du travail ou au domicile de l\u2019utilisateur ;<\/li>\n<li class=\"cz-color-7829367\">d\u2019une assurance en responsabilit\u00e9 civile qui couvre les d\u00e9g\u00e2ts que pourrait occasionner involontairement le travailleur chez l\u2019utilisateur.<\/li>\n<\/ul>\n<p class=\"cz-color-7829367\">Attention, tout accident doit \u00eatre d\u00e9clar\u00e9 \u00e0 l\u2019agence dans les 2 jours.<\/p>\n<p>\u00a0<\/p>\n<\/div>\n<div id=\"wp-block-themeisle-blocks-advanced-column-c9178ea9\" class=\"wp-block-themeisle-blocks-advanced-column\">\n<h4 class=\"cz-color-3355443\">Comment en b\u00e9n\u00e9ficier\u00a0?<\/h4>\n<p class=\"cz-color-7829367\">Afin de b\u00e9n\u00e9ficier de ce service, l\u2019utilisateur doit s\u2019inscrire \u00e0 l\u2019agence, ouverte du lundi au vendredi de 9h \u00e0 12h et de 14h \u00e0 16h.<\/p>\n<p class=\"cz-color-7829367\">Si l\u2019utilisateur ne peut se d\u00e9placer, un pr\u00e9pos\u00e9 peut se rendre \u00e0 domicile afin d\u2019ouvrir le dossier.<\/p>\n<p class=\"cz-color-7829367\">En s\u2019inscrivant, l\u2019utilisateur accepte le r\u00e8glement qui r\u00e9git la relation utilisateur\/travailleur.<\/p>\n<p>\u00a0<\/p>\n<h4 class=\"cz-color-3355443\">R\u00e8glement utilisateur<\/h4>\n<p class=\"cz-color-7829367\"><a class=\"cz-color-12221440\" href=\"https:\/\/esc-ale.be\/wp-content\/uploads\/2025\/11\/Reglement-utilisateur-EscALE-1.pdf\">R\u00e8glement<\/a><\/p>\n<p>\u00a0<\/p>\n<h4 class=\"cz-color-3355443\">Proc\u00e9dure de commande de ch\u00e8ques Ale :<\/h4>\n<ol>\n<li>Electronique -&gt; Voir <a href=\"https:\/\/utilisateur.ale-wallonie.pluxee.be\/login\">LIEN<\/a><\/li>\n<li>Papier -&gt; <a class=\"cz-color-12221440\" href=\"https:\/\/esc-ale.be\/wp-content\/uploads\/2025\/11\/Procedure-de-commande-papier.pdf\">Proc\u00e9dure de commande ch\u00e8ques ALE papier<\/a><\/li>\n<\/ol>\n<\/div>\n<\/div>\n<\/div>\n<div id=\"ConnectiveDocSignExtentionInstalled\" data-extension-version=\"1.0.4\">\u00a0<\/div>\t\t\t\t\t\t\t\t<\/div>\n\t\t\t\t<\/div>\n\t\t\t\t\t<\/div>\n\t\t\t\t<\/div>\n\t\t\t\t<\/div>\n\t\t","protected":false},"excerpt":{"rendered":"<p>Besoin d&rsquo;un coup de main? ALE Une Agence Locale pour l\u2019Emploi (ALE) est une Association Sans But Lucratif (ASBL) cr\u00e9\u00e9e par la commune ou par un groupe de communes. L&rsquo;ALE &#8230;<\/p>\n","protected":false},"author":1,"featured_media":0,"parent":0,"menu_order":0,"comment_status":"closed","ping_status":"closed","template":"elementor_header_footer","meta":{"footnotes":""},"class_list":["post-27","page","type-page","status-publish","hentry"],"yoast_head":"<!-- This site is optimized with the Yoast SEO plugin v27.3 - https:\/\/yoast.com\/product\/yoast-seo-wordpress\/ -->\n<title>Ale - Esc&#039;ALE ASBL - ALE de Tournai-Pecq<\/title>\n<meta name=\"description\" content=\"L&#039;ALE propose des services d&#039;aide aux personnes ou aux associations, pour l&#039;ex\u00e9cution de certains travaux, services non-rencontr\u00e9s dans le circuit de travail r\u00e9gulier.\" \/>\n<meta name=\"robots\" content=\"index, follow, max-snippet:-1, max-image-preview:large, max-video-preview:-1\" \/>\n<link rel=\"canonical\" href=\"https:\/\/esc-ale.be\/index.php\/ale\/\" \/>\n<meta property=\"og:locale\" content=\"fr_FR\" \/>\n<meta property=\"og:type\" content=\"article\" \/>\n<meta property=\"og:title\" content=\"Ale - Esc&#039;ALE ASBL - ALE de Tournai-Pecq\" \/>\n<meta property=\"og:description\" content=\"L&#039;ALE propose des services d&#039;aide aux personnes ou aux associations, pour l&#039;ex\u00e9cution de certains travaux, services non-rencontr\u00e9s dans le circuit de travail r\u00e9gulier.\" \/>\n<meta property=\"og:url\" content=\"https:\/\/esc-ale.be\/index.php\/ale\/\" \/>\n<meta property=\"og:site_name\" content=\"Esc&#039;ALE ASBL - ALE de Tournai-Pecq\" \/>\n<meta property=\"article:modified_time\" content=\"2025-11-07T14:03:58+00:00\" \/>\n<meta property=\"og:image\" content=\"https:\/\/esc-ale.be\/wp-content\/uploads\/2019\/08\/Ale-1.jpg\" \/>\n\t<meta property=\"og:image:width\" content=\"600\" \/>\n\t<meta property=\"og:image:height\" content=\"400\" \/>\n\t<meta property=\"og:image:type\" content=\"image\/jpeg\" \/>\n<meta name=\"twitter:card\" content=\"summary_large_image\" \/>\n<meta name=\"twitter:label1\" content=\"Dur\u00e9e de lecture estim\u00e9e\" \/>\n\t<meta name=\"twitter:data1\" content=\"6 minutes\" \/>\n<script type=\"application\/ld+json\" class=\"yoast-schema-graph\">{\"@context\":\"https:\\\/\\\/schema.org\",\"@graph\":[{\"@type\":\"WebPage\",\"@id\":\"https:\\\/\\\/esc-ale.be\\\/index.php\\\/ale\\\/\",\"url\":\"https:\\\/\\\/esc-ale.be\\\/index.php\\\/ale\\\/\",\"name\":\"Ale - Esc&#039;ALE ASBL - ALE de Tournai-Pecq\",\"isPartOf\":{\"@id\":\"https:\\\/\\\/esc-ale.be\\\/#website\"},\"primaryImageOfPage\":{\"@id\":\"https:\\\/\\\/esc-ale.be\\\/index.php\\\/ale\\\/#primaryimage\"},\"image\":{\"@id\":\"https:\\\/\\\/esc-ale.be\\\/index.php\\\/ale\\\/#primaryimage\"},\"thumbnailUrl\":\"https:\\\/\\\/esc-ale.be\\\/wp-content\\\/uploads\\\/2019\\\/08\\\/Ale-1.jpg\",\"datePublished\":\"2019-08-07T09:44:13+00:00\",\"dateModified\":\"2025-11-07T14:03:58+00:00\",\"description\":\"L'ALE propose des services d'aide aux personnes ou aux associations, pour l'ex\u00e9cution de certains travaux, services non-rencontr\u00e9s dans le circuit de travail r\u00e9gulier.\",\"breadcrumb\":{\"@id\":\"https:\\\/\\\/esc-ale.be\\\/index.php\\\/ale\\\/#breadcrumb\"},\"inLanguage\":\"fr-FR\",\"potentialAction\":[{\"@type\":\"ReadAction\",\"target\":[\"https:\\\/\\\/esc-ale.be\\\/index.php\\\/ale\\\/\"]}]},{\"@type\":\"ImageObject\",\"inLanguage\":\"fr-FR\",\"@id\":\"https:\\\/\\\/esc-ale.be\\\/index.php\\\/ale\\\/#primaryimage\",\"url\":\"https:\\\/\\\/esc-ale.be\\\/wp-content\\\/uploads\\\/2019\\\/08\\\/Ale-1.jpg\",\"contentUrl\":\"https:\\\/\\\/esc-ale.be\\\/wp-content\\\/uploads\\\/2019\\\/08\\\/Ale-1.jpg\",\"width\":600,\"height\":400},{\"@type\":\"BreadcrumbList\",\"@id\":\"https:\\\/\\\/esc-ale.be\\\/index.php\\\/ale\\\/#breadcrumb\",\"itemListElement\":[{\"@type\":\"ListItem\",\"position\":1,\"name\":\"Accueil\",\"item\":\"https:\\\/\\\/esc-ale.be\\\/\"},{\"@type\":\"ListItem\",\"position\":2,\"name\":\"Ale\"}]},{\"@type\":\"WebSite\",\"@id\":\"https:\\\/\\\/esc-ale.be\\\/#website\",\"url\":\"https:\\\/\\\/esc-ale.be\\\/\",\"name\":\"Esc&#039;ALE ASBL - ALE de Tournai-Pecq\",\"description\":\"Vous \u00e9prouvez des difficult\u00e9s \u00e0 vous d\u00e9placer ? Vous souhaitez vous rendre chez le m\u00e9decin, \u00e0 une consultation \u00e0 l&#039;h\u00f4pital, faire des courses, \u2026\",\"publisher\":{\"@id\":\"https:\\\/\\\/esc-ale.be\\\/#organization\"},\"potentialAction\":[{\"@type\":\"SearchAction\",\"target\":{\"@type\":\"EntryPoint\",\"urlTemplate\":\"https:\\\/\\\/esc-ale.be\\\/?s={search_term_string}\"},\"query-input\":{\"@type\":\"PropertyValueSpecification\",\"valueRequired\":true,\"valueName\":\"search_term_string\"}}],\"inLanguage\":\"fr-FR\"},{\"@type\":\"Organization\",\"@id\":\"https:\\\/\\\/esc-ale.be\\\/#organization\",\"name\":\"Esc&#039;ALE ASBL - ALE de Tournai-Pecq\",\"url\":\"https:\\\/\\\/esc-ale.be\\\/\",\"logo\":{\"@type\":\"ImageObject\",\"inLanguage\":\"fr-FR\",\"@id\":\"https:\\\/\\\/esc-ale.be\\\/#\\\/schema\\\/logo\\\/image\\\/\",\"url\":\"https:\\\/\\\/esc-ale.be\\\/wp-content\\\/uploads\\\/2025\\\/10\\\/cropped-Petit-Logo-EscALE.jpg\",\"contentUrl\":\"https:\\\/\\\/esc-ale.be\\\/wp-content\\\/uploads\\\/2025\\\/10\\\/cropped-Petit-Logo-EscALE.jpg\",\"width\":125,\"height\":110,\"caption\":\"Esc&#039;ALE ASBL - ALE de Tournai-Pecq\"},\"image\":{\"@id\":\"https:\\\/\\\/esc-ale.be\\\/#\\\/schema\\\/logo\\\/image\\\/\"}}]}<\/script>\n<!-- \/ Yoast SEO plugin. -->","yoast_head_json":{"title":"Ale - Esc&#039;ALE ASBL - ALE de Tournai-Pecq","description":"L'ALE propose des services d'aide aux personnes ou aux associations, pour l'ex\u00e9cution de certains travaux, services non-rencontr\u00e9s dans le circuit de travail r\u00e9gulier.","robots":{"index":"index","follow":"follow","max-snippet":"max-snippet:-1","max-image-preview":"max-image-preview:large","max-video-preview":"max-video-preview:-1"},"canonical":"https:\/\/esc-ale.be\/index.php\/ale\/","og_locale":"fr_FR","og_type":"article","og_title":"Ale - Esc&#039;ALE ASBL - ALE de Tournai-Pecq","og_description":"L'ALE propose des services d'aide aux personnes ou aux associations, pour l'ex\u00e9cution de certains travaux, services non-rencontr\u00e9s dans le circuit de travail r\u00e9gulier.","og_url":"https:\/\/esc-ale.be\/index.php\/ale\/","og_site_name":"Esc&#039;ALE ASBL - ALE de Tournai-Pecq","article_modified_time":"2025-11-07T14:03:58+00:00","og_image":[{"width":600,"height":400,"url":"https:\/\/esc-ale.be\/wp-content\/uploads\/2019\/08\/Ale-1.jpg","type":"image\/jpeg"}],"twitter_card":"summary_large_image","twitter_misc":{"Dur\u00e9e de lecture estim\u00e9e":"6 minutes"},"schema":{"@context":"https:\/\/schema.org","@graph":[{"@type":"WebPage","@id":"https:\/\/esc-ale.be\/index.php\/ale\/","url":"https:\/\/esc-ale.be\/index.php\/ale\/","name":"Ale - Esc&#039;ALE ASBL - ALE de Tournai-Pecq","isPartOf":{"@id":"https:\/\/esc-ale.be\/#website"},"primaryImageOfPage":{"@id":"https:\/\/esc-ale.be\/index.php\/ale\/#primaryimage"},"image":{"@id":"https:\/\/esc-ale.be\/index.php\/ale\/#primaryimage"},"thumbnailUrl":"https:\/\/esc-ale.be\/wp-content\/uploads\/2019\/08\/Ale-1.jpg","datePublished":"2019-08-07T09:44:13+00:00","dateModified":"2025-11-07T14:03:58+00:00","description":"L'ALE propose des services d'aide aux personnes ou aux associations, pour l'ex\u00e9cution de certains travaux, services non-rencontr\u00e9s dans le circuit de travail r\u00e9gulier.","breadcrumb":{"@id":"https:\/\/esc-ale.be\/index.php\/ale\/#breadcrumb"},"inLanguage":"fr-FR","potentialAction":[{"@type":"ReadAction","target":["https:\/\/esc-ale.be\/index.php\/ale\/"]}]},{"@type":"ImageObject","inLanguage":"fr-FR","@id":"https:\/\/esc-ale.be\/index.php\/ale\/#primaryimage","url":"https:\/\/esc-ale.be\/wp-content\/uploads\/2019\/08\/Ale-1.jpg","contentUrl":"https:\/\/esc-ale.be\/wp-content\/uploads\/2019\/08\/Ale-1.jpg","width":600,"height":400},{"@type":"BreadcrumbList","@id":"https:\/\/esc-ale.be\/index.php\/ale\/#breadcrumb","itemListElement":[{"@type":"ListItem","position":1,"name":"Accueil","item":"https:\/\/esc-ale.be\/"},{"@type":"ListItem","position":2,"name":"Ale"}]},{"@type":"WebSite","@id":"https:\/\/esc-ale.be\/#website","url":"https:\/\/esc-ale.be\/","name":"Esc&#039;ALE ASBL - ALE de Tournai-Pecq","description":"Vous \u00e9prouvez des difficult\u00e9s \u00e0 vous d\u00e9placer ? Vous souhaitez vous rendre chez le m\u00e9decin, \u00e0 une consultation \u00e0 l&#039;h\u00f4pital, faire des courses, \u2026","publisher":{"@id":"https:\/\/esc-ale.be\/#organization"},"potentialAction":[{"@type":"SearchAction","target":{"@type":"EntryPoint","urlTemplate":"https:\/\/esc-ale.be\/?s={search_term_string}"},"query-input":{"@type":"PropertyValueSpecification","valueRequired":true,"valueName":"search_term_string"}}],"inLanguage":"fr-FR"},{"@type":"Organization","@id":"https:\/\/esc-ale.be\/#organization","name":"Esc&#039;ALE ASBL - ALE de Tournai-Pecq","url":"https:\/\/esc-ale.be\/","logo":{"@type":"ImageObject","inLanguage":"fr-FR","@id":"https:\/\/esc-ale.be\/#\/schema\/logo\/image\/","url":"https:\/\/esc-ale.be\/wp-content\/uploads\/2025\/10\/cropped-Petit-Logo-EscALE.jpg","contentUrl":"https:\/\/esc-ale.be\/wp-content\/uploads\/2025\/10\/cropped-Petit-Logo-EscALE.jpg","width":125,"height":110,"caption":"Esc&#039;ALE ASBL - ALE de Tournai-Pecq"},"image":{"@id":"https:\/\/esc-ale.be\/#\/schema\/logo\/image\/"}}]}},"jetpack_sharing_enabled":true,"_links":{"self":[{"href":"https:\/\/esc-ale.be\/index.php\/wp-json\/wp\/v2\/pages\/27","targetHints":{"allow":["GET"]}}],"collection":[{"href":"https:\/\/esc-ale.be\/index.php\/wp-json\/wp\/v2\/pages"}],"about":[{"href":"https:\/\/esc-ale.be\/index.php\/wp-json\/wp\/v2\/types\/page"}],"author":[{"embeddable":true,"href":"https:\/\/esc-ale.be\/index.php\/wp-json\/wp\/v2\/users\/1"}],"replies":[{"embeddable":true,"href":"https:\/\/esc-ale.be\/index.php\/wp-json\/wp\/v2\/comments?post=27"}],"version-history":[{"count":185,"href":"https:\/\/esc-ale.be\/index.php\/wp-json\/wp\/v2\/pages\/27\/revisions"}],"predecessor-version":[{"id":2191,"href":"https:\/\/esc-ale.be\/index.php\/wp-json\/wp\/v2\/pages\/27\/revisions\/2191"}],"wp:attachment":[{"href":"https:\/\/esc-ale.be\/index.php\/wp-json\/wp\/v2\/media?parent=27"}],"curies":[{"name":"wp","href":"https:\/\/api.w.org\/{rel}","templated":true}]}}